Suppose -2*f = 834 - 4330. Suppose 0 = -4*k - 0*w - 3*w + f, 2*k - 888 = -5*w. Suppose -3*o - 222 - k = -r, -2*r + 2*o = -1320. Is r composite?
True
Let f = -14 - -25. Suppose 74 = f*d - 91. Is 13153/d - 24/(-180) composite?
False
Suppose -5*p + 3*o + o = -18, 5*p + 5*o = 0. Let m be (6*(-2)/(-3))/p. Suppose 0*j - m*j = 4*l - 4374, 4*l - 2195 = -j. Is j a composite number?
False
Suppose -j + 10485 = -13744. Let x(t) = 93*t - 10599. Let u be x(114). Suppose 0 = -5*n - 4*m + j, 0*n + 3*m = -u*n + 14535. Is n prime?
False
Let y = -30 - -28. Let b be y/((1426/356 - 4)*-4). Suppose 0 = -4*a + b + 59. Is a prime?
True
Suppose 34*c - 39*c + 4*r - 189140 = 0, 0 = -2*c + 2*r - 75658. Let n = -25597 - c. Is n a prime number?
True
Suppose 43*b - 38*b - 35 = 0. Suppose -b*r + 147561 = 34420. Is r composite?
True
Let u = 63 + -63. Let q(y) = -y**3 + y**2 - y - 2. Let g be q(u). Is (-9)/(-12) + g/(-8) + 352 composite?
False
Let y = 48 + -43. Suppose 0 = y*u + 7*u + 108. Is (-1 - 4107/u)/(12/18) a prime number?
True
Let b(m) = -180*m - 146. Let d(g) = -175*g - 147. Let z(s) = -6*b(s) + 5*d(s). Is z(26) prime?
True
Suppose -5*z - 2*r = 5746, -z = 3*r - 2*r + 1148. Let v be 24/(-30)*z/2. Suppose -2*x + v - 38 = 0. Is x a composite number?
False
Is (((-29151414)/45)/18)/((-6)/30) a prime number?
True
Let a = -9823 - -27864. Is a a prime number?
True
Let s = 710054 + -360225. Is s prime?
True
Let h(r) be the second derivative of -123*r**3/2 - 3*r**2 - 14*r. Let f be h(-2). Let s = 1319 - f. Is s composite?
False
Let a be 10/55 - ((-26)/(-22) - 1). Suppose -3*u = 5*g - 4*u - 13502, a = -5*g + 2*u + 13499. Is g a prime number?
False
Let b(q) = q**3 + 4*q**2 + 7. Let g be b(-4). Let j(s) = s**3 + 10*s**2 - 13*s - 5. Is j(g) prime?
False
Let z be (3 + 95/(-10))/((-3)/6). Suppose -51073 = -24*i + z*i. Is i a composite number?
False
Suppose -4*n - 3*o - 2864 - 1732 = 0, 2*n = 4*o - 2276. Is -1*(-3 + n - 2) a composite number?
False
Let n(z) = 1329*z - 38. Let v be n(-5). Let t = 11544 + v. Is t a prime number?
True
Let c = 3727 + 20304. Is c a composite number?
True
Let l(b) = b - 1. Let u be l(-2). Let z be 56/8 + 1 + u. Suppose z*o + 222 = p, 4*o = -2*p - 3*p + 1197. Is p a composite number?
True
Let d = 317 - 318. Is ((d + 0)/(-1))/((-8)/(-1624)) composite?
True
Let k be (-9)/27*(2 - (-4)/(-2)). Let l be k + 4 + 7/(21/(-18)). Is (-20148)/(-24) + 1/l a prime number?
True
Let n = 2853 - 1664. Is n composite?
True
Suppose -3*q + 774585 = -3*v, 2*q + 86742 = -v + 603138. Is q composite?
False
Suppose 2*m + 52 = 2*z, 0 = -z + 5*m - 0*m + 42. Suppose -25*p + 4533 = -z*p. Is p a composite number?
False
Let p(u) = -571*u + 135. Is p(-13) a composite number?
True
Suppose 15*z + 58 = 43. Is (z/6*-14)/(4/45132) a composite number?
True
Let t = 4839504 - 1611295. Is t a prime number?
True
Suppose -379*k = 88*k - 23708189. Is k a composite number?
False
Let i(o) = 17*o**3 - 3*o**2 + 25*o - 69. Let y be i(7). Suppose 5*c + l = 9654, 3*c + 9*l - 6*l - y = 0. Is c composite?
False
Suppose 3425504 = 66*x - 28092202. Is x composite?
True
Let f = -7543 + 10631. Let a = f + -1973. Is a prime?
False
Let d(y) = 7*y**3 - 4*y**2 + 2*y - 52. Is d(11) a composite number?
False
Suppose 23598 = 42*o + 97417 - 899581. Is o composite?
False
Suppose 8 = 2*s, -k - 3*s = k - 40486. Suppose 2*p + 3*h = 8086, 5*p - 7*h + 9*h = k. Is p a prime number?
True
Suppose 3*q - 29989 - 53982 = 4*m, -4*m + 20 = 0. Is q a composite number?
False
Let z(i) be the third derivative of i**4/8 + 41*i**3/6 - 12*i**2. Let l be z(-7). Suppose -v = -l*v + 10279. Is v a composite number?
False
Let g(m) = 3*m - 111. Let i be g(40). Let f be (0 + 1)/((-1)/6). Is (-110)/(-4) + i/f a composite number?
True
Let i(f) = -523*f + 67. Let k be i(-14). Suppose w + 7409 = o + o, -2*o + 5*w + k = 0. Is o a composite number?
True
Let z(f) = 427*f**3 + 4*f**2 - 4*f + 3. Let u(k) be the first derivative of 2*k**2 - 6*k + 25. Let v be u(2). Is z(v) composite?
True
Suppose 14*f - 9*f - 380 = 0. Suppose 4*c - 3*c + 80 = 4*u, 2*c + f = 4*u. Let v(o) = 2*o**2 + 16*o - 5. Is v(u) a prime number?
True
Is 124918/6*((-2088)/928)/(3/(-4)) prime?
True
Is (-204)/(-36)*(14/7 + 21655) prime?
False
Let u = 2 + 16. Suppose 15*q = u*q - 8007. Is q a prime number?
False
Let a(x) = 804*x**2 + x - 2. Let k be 1305/405 - 4/18. Is a(k) prime?
True
Let n(z) = 28 - 2*z - 32*z - 5 - 23*z**2 - z**3. Let w(c) = 4*c**3 - 4*c. Let y be w(-2). Is n(y) prime?
False
Let s(n) be the second derivative of -n**8/6720 + 17*n**7/2520 - n**6/144 - n**5/12 - 2*n**4/3 + 9*n. Let d(c) be the third derivative of s(c). Is d(15) prime?
False
Suppose -51 = -2*u - 37. Let f(r) = 2*r**2 - 3*r - 6. Let x be f(u). Suppose -x*m = -76*m + 9005. Is m composite?
False
Let q(n) be the third derivative of -3*n**6/40 - n**5/20 + 11*n**4/24 - 23*n**3/3 + 7*n**2 - 6*n. Is q(-9) prime?
True
Let j = 48 + -87. Let n = j + 39. Is (-32 - -28)*(n + (-1559)/4) a composite number?
False
Is (1 - 2/(-5))/((-14 - 6)/(-28096700)) a composite number?
True
Suppose 3583*w + 5546 = 3584*w - 5*u, -5*w + 2*u = -27891. Is w a prime number?
True
Is 5*(18032/40 + -4)*(-22)/(-4) a composite number?
True
Let m = 10284 + 49903. Is m prime?
False
Is 1*7/28*(-3 - -34655) composite?
False
Suppose 3*r - 268389 = -4*l + 157028, 4*l = -4. Is r a composite number?
True
Let s(b) = 2*b**3 + 24*b**2 + 40*b + 4. Let y be s(20). Suppose 0 = -51*t + 23*t + y. Is t prime?
False
Suppose 2*v - 2*k = 22, v - 4 = 2*v + 4*k. Suppose 27402 + 93854 = v*d. Is d a composite number?
True
Let v(c) = -29*c**2 - c + 47. Let p be v(-6). Let m = 48 - p. Is m prime?
True
Let t = 97 + 598. Let b = 1100 + -616. Let f = t - b. Is f a prime number?
True
Suppose -10*c - 5 = 5. Let r be 3*(-2661)/(-9)*c/(-1). Suppose 4*n + 3*i - 2235 - 1288 = 0, 0 = n + 2*i - r. Is n a prime number?
True
Is -4 - 85/(-34) - 2*260749/(-4) composite?
True
Suppose -30*c + 12*c + 14*c = 0. Suppose c = 2*i - 3*z - 29023, -i + 14518 = z + 4*z. Is i prime?
False
Let r(j) = 31*j**2 - 87*j + 369. Is r(14) prime?
True
Let o(w) = -5*w**2 + 45*w + 43. Let j(u) = -5*u**2 + 44*u + 42. Let y(m) = -4*j(m) + 3*o(m). Is y(18) a prime number?
False
Let q(h) = 130797*h - 65. Is q(6) prime?
True
Suppose 0 = -7*p + 2*p - 6940. Let k = 6795 + p. Suppose v - k = -5*x, 0*x + x + 2*v = 1076. Is x a composite number?
True
Suppose 3*r + 0*r = 2*s - 1921, 0 = 4*s + 16. Let v(c) = c**2 - 122*c - 3343. Let o be v(-23). Let f = o - r. Is f a composite number?
True
Suppose 6*w = -70845 + 21393. Let o = 24143 + w. Is o prime?
True
Let g = 461683 - 314636. Is g composite?
False
Suppose 6*c - c = 5*j - 90, 4*j - 75 = c. Suppose 6*z = -j - 131. Is ((-10)/z)/(6/2865) a composite number?
False
Suppose 36*i - 44649 = 69*i. Let b = i + 15722. Is b a composite number?
False
Let n(i) = -1600*i + 35. Let o be n(1). Let u = o + 5559. Is u a composite number?
True
Let s(o) = -2*o**3 - o**2 + o + 1. Let a(m) = 7*m**3 - m**2 - 9*m - 1. Let w(q) = a(q) + 6*s(q). Let l = -20 - -14. Is w(l) prime?
False
Let f = 32322 - -99679. Is f composite?
False
Let l = 216668 + -131937. Is l composite?
False
Let p = -8 + -65. Let f = -439 + 344. Let c = p - f. Is c a prime number?
False
Suppose 2*a + 5 = -3*h + a, 3*h - a - 5 = 0. Suppose 4*k + 4 + 5 = i, h = 3*k + 3. Suppose 8*s - i*s = v - 259, -s = 0. Is v a composite number?
True
Let n = 463309 - 244766. Is n prime?
False
Suppose -56*v + 680771 + 414533 = 0. Is v composite?
False
Suppose 2*s - 111813 = -n, -3*s + 42*n + 167723 = 40*n. Is s prime?
False
Let m = -624 - -2303. Is m a composite number?
True
Let s = 242195 + -27516. Is s composite?
True
Suppose g - 3*y + 8 = 0, y - 12 = g - 4*y. Let f be ((-85)/(-5))/(g/(-6)). Is (17/f)/(((-4)/(-4098))/2) a prime number?
True
Suppose -34*m = -m - 593637. Suppose -11*n + 37000 = -m. Is n composite?
False
Let c(b) = -2*b + 2. Let q be c(-17). Suppose -5*v = -q - 319. Suppose -j + v = -140. Is j prime?
True
Let l(m) = 4018*m**2 + 30*m + 169. Is l(-5) a prime number?
True
Let n(l) = l**3 + 26*l**2 - 8*l - 10. Let r be n(-17). Let s = r + 82. Is s prime?
False
Let u = -130677 - -689746. Is u a prime number?
False
Let w(a) = 2*a**3 + 8*a**2 - 7*a + 4. Let z = -44 + 49. Let h be w(z). Suppose 43*j + h = 44*j. Is j composite?
False
Let 